3551 and 53?
53
Calculate the greatest common factor of 468 and 45.
9
Calculate the highest common factor of 237 and 15.
3
Calculate the highest common divisor of 8 and 26.
2
Calculate the greatest common divisor of 276 and 483.
69
Calculate the highest common divisor of 18 and 198.
18
Calculate the highest common divisor of 144 and 272.
16
Calculate the greatest common divisor of 130 and 104.
26
Calculate the highest common divisor of 2146 and 290.
58
What is the greatest common divisor of 32 and 2896?
16
What is the greatest common factor of 3 and 219?
3
Calculate the highest common factor of 1120 and 35.
35
Calculate the highest common divisor of 33 and 13629.
33
Calculate the greatest common factor of 1116 and 12.
12
Calculate the highest common factor of 20 and 1380.
20
What is the highest common divisor of 65 and 7085?
65
What is the highest common factor of 35 and 65905?
35
Calculate the greatest common factor of 19 and 361.
19
Calculate the greatest common factor of 252 and 224.
28
What is the highest common divisor of 834 and 78?
6
What is the highest common divisor of 42 and 66?
6
Calculate the highest common factor of 14499 and 81.
81
What is the greatest common factor of 65 and 520?
65
Calculate the greatest common divisor of 2907 and 171.
171
Calculate the greatest common divisor of 1036 and 28.
28
Calculate the greatest common divisor of 4 and 44.
4
Calculate the highest common factor of 225 and 1650.
75
Calculate the highest common factor of 8 and 5400.
8
Calculate the highest common divisor of 7 and 581.
7
What is the highest common factor of 3856 and 16?
16
Calculate the greatest common divisor of 126 and 56952.
126
Calculate the highest common factor of 45 and 72.
9
Calculate the greatest common factor of 12990 and 12.
6
Calculate the greatest common factor of 4 and 196.
4
What is the highest common divisor of 284 and 32?
4
What is the greatest common factor of 212 and 12?
4
What is the highest common factor of 58 and 14906?
58
What is the greatest common factor of 815 and 80?
5
What is the highest common divisor of 145 and 203?
29
Calculate the highest common divisor of 740 and 148.
148
What is the greatest common factor of 60 and 3940?
20
Calculate the greatest common divisor of 47 and 8131.
47
What is the highest common divisor of 960 and 80?
80
What is the greatest common factor of 1175 and 25?
25
What is the greatest common factor of 33 and 25113?
33
Calculate the greatest common divisor of 36127 and 14.
7
What is the highest common divisor of 424 and 116?
4
Calculate the greatest common factor of 99 and 517.
11
Calculate the greatest common factor of 65 and 10.
5
Calculate the greatest common divisor of 130 and 1070.
10
What is the highest common factor of 7 and 329?
7
Calculate the greatest common divisor of 23844 and 24.
12
Calculate the highest common factor of 448 and 80.
16
What is the greatest common factor of 94 and 47?
47
Calculate the greatest common factor of 57 and 57.
57
What is the highest common factor of 45 and 25?
5
What is the greatest common divisor of 15 and 3585?
15
What is the highest common divisor of 615 and 75?
15
Calculate the greatest common factor of 57 and 30.
3
Calculate the greatest common factor of 150 and 40.
10
Calculate the greatest common divisor of 528 and 24.
24
Calculate the greatest common factor of 5275 and 25.
25
Calculate the greatest common divisor of 45 and 30.
15
What is the greatest common divisor of 242 and 11?
11
What is the highest common factor of 3179 and 11?
11
What is the highest common factor of 12 and 64?
4
What is the highest common factor of 31 and 248?
31
Calculate the greatest common divisor of 936 and 585.
117
Calculate the greatest common divisor of 63 and 81.
9
Calculate the greatest common divisor of 176 and 3648.
16
Calculate the highest common factor of 28 and 154.
14
Calculate the greatest common divisor of 4 and 6212.
4
Calculate the highest common factor of 837 and 27.
27
What is the highest common divisor of 17 and 41?
1
What is the highest common factor of 5280 and 33?
33
What is the highest common factor of 26 and 14794?
26
What is the highest common factor of 4342 and 26?
26
Calculate the greatest common factor of 2080 and 650.
130
What is the greatest common factor of 2067 and 117?
39
Calculate the highest common divisor of 742 and 14.
14
What is the greatest common divisor of 117 and 26?
13
Calculate the greatest common factor of 66 and 858.
66
What is the highest common divisor of 1815 and 15?
15
What is the highest common factor of 99 and 22?
11
Calculate the greatest common factor of 18 and 2.
2
Calculate the greatest common divisor of 42 and 1536.
6
What is the highest common divisor of 2355 and 5?
5
Calculate the highest common divisor of 184 and 345.
23
Calculate the highest common divisor of 33 and 264.
33
What is the highest common divisor of 3774 and 306?
102
Calculate the highest common divisor of 8 and 220.
4
Calculate the greatest common divisor of 15 and 65.
5
Calculate the highest common factor of 6 and 150.
6
What is the greatest common factor of 1274 and 490?
98
What is the highest common divisor of 80 and 360?
40
What is the greatest common factor of 22 and 814?
22
What is the greatest common divisor of 10612 and 56?
28
Calculate the greatest common divisor of 3608 and 33.
11
Calculate the greatest common factor of 994 and 154.
14
What is the greatest common divisor of 2925 and 200?
25
Calculate the highest common factor of 304 and 19.
19
What is the greatest common factor of 112 and 336?
112
What is the greatest common divisor of 90 and 705?
15
What is the greatest common factor of 1290 and 10?
10
What is the greatest common factor of 50 and 25?
25
What is the greatest common factor of 2890 and 40?
10
What is the greatest common divisor of 377 and 13?
13
What is the greatest common factor of 864 and 270?
54
What is the highest common factor of 783 and 1080?
27
Calculate the greatest common divisor of 1536 and 48.
48
What is the highest common factor of 61545 and 746?
373
What is the greatest common divisor of 7 and 28?
7
Calculate the greatest common factor of 3 and 141.
3
What is the greatest common divisor of 25884 and 36?
36
Calculate the highest common factor of 325 and 25.
25
Calculate the highest common divisor of 284 and 100.
4
Calculate the greatest common divisor of 14 and 5173.
7
Calculate the highest common divisor of 517 and 33.
11
Calculate the highest common divisor of 145 and 5.
5
What is the highest common factor of 275 and 11?
11
Calculate the highest common factor of 1343 and 2449.
79
Calculate the highest common divisor of 10250 and 100.
50
Calculate the greatest common divisor of 3 and 6999.
3
What is the highest common factor of 307 and 5219?
307
What is the greatest common factor of 224 and 128?
32
Calculate the highest common divisor of 63 and 399.
21
Calculate the highest common divisor of 4664 and 88.
88
Calculate the greatest common factor of 24 and 348.
12
What is the highest common divisor of 80 and 2480?
80
What is the greatest common factor of 985 and 20?
5
What is the greatest common divisor of 595 and 323?
17
Calculate the greatest common divisor of 28492 and 68.
68
Calculate the highest common divisor of 400 and 1936.
16
Calculate the greatest common divisor of 60 and 36.
12
What is the greatest common factor of 295 and 29795?
295
What is the greatest common factor of 198 and 209?
11
What is the greatest common divisor of 7150 and 330?
110
Calculate the highest common divisor of 30 and 96.
6
What is the greatest common divisor of 18 and 900?
18
What is the greatest common factor of 442 and 26?
26
What is the greatest common factor of 702 and 1350?
54
Calculate the highest common factor of 12208 and 8.
8
Calculate the highest common factor of 5562 and 90.
18
Calculate the greatest common divisor of 297 and 9.
9
Calculate the greatest common factor of 303 and 1414.
101
Calculate the greatest common factor of 704 and 11.
11
Calculate the greatest common divisor of 2080 and 1440.
160
Calculate the greatest common divisor of 116 and 8.
4
What is the greatest common divisor of 190 and 5738?
38
What is the highest common factor of 162 and 144?
18
Calculate the greatest common divisor of 1034 and 2.
